995?
5, 7, 257
What are the prime factors of 4684746?
2, 3, 11, 70981
List the prime factors of 11031161.
11031161
What are the prime factors of 62553?
3, 29, 719
What are the prime factors of 93117?
3, 31039
List the prime factors of 450089.
31, 14519
List the prime factors of 155623.
13, 11971
List the prime factors of 684260.
2, 5, 34213
What are the prime factors of 25981166?
2, 12990583
What are the prime factors of 740626?
2, 47, 7879
What are the prime factors of 1164663?
3, 151, 857
What are the prime factors of 491370?
2, 3, 5, 11, 1489
What are the prime factors of 334648?
2, 59, 709
List the prime factors of 5127151.
929, 5519
What are the prime factors of 19206652?
2, 523, 9181
List the prime factors of 327932.
2, 11, 29, 257
List the prime factors of 117686.
2, 19, 163
List the prime factors of 134796.
2, 3, 47, 239
What are the prime factors of 1201631?
827, 1453
List the prime factors of 20665320.
2, 3, 5, 13, 1019
List the prime factors of 31805467.
31805467
List the prime factors of 857749.
857749
What are the prime factors of 16812152?
2, 7, 331, 907
What are the prime factors of 3246392?
2, 405799
List the prime factors of 64587.
3, 21529
What are the prime factors of 14698546?
2, 37, 307, 647
What are the prime factors of 8904454?
2, 13, 199, 1721
What are the prime factors of 4090605?
3, 5, 19, 31, 463
What are the prime factors of 478861?
478861
List the prime factors of 393331.
393331
List the prime factors of 743601.
3, 311, 797
List the prime factors of 13808320.
2, 5, 43151
List the prime factors of 1209053.
1209053
List the prime factors of 2204804.
2, 7, 1607
What are the prime factors of 2311386?
2, 3, 7, 11, 5003
List the prime factors of 1141168.
2, 7, 23, 443
What are the prime factors of 28550718?
2, 3, 7, 17, 1481
What are the prime factors of 3660566?
2, 7, 13, 20113
List the prime factors of 13348503.
3, 7, 70627
List the prime factors of 23705.
5, 11, 431
List the prime factors of 191611.
7, 31, 883
What are the prime factors of 236662?
2, 241, 491
What are the prime factors of 597700?
2, 5, 43, 139
List the prime factors of 475226.
2, 23, 10331
List the prime factors of 29668227.
3, 9889409
What are the prime factors of 339551?
457, 743
What are the prime factors of 4157784?
2, 3, 19249
List the prime factors of 92919.
3, 47, 659
What are the prime factors of 306031?
11, 43, 647
List the prime factors of 182126.
2, 7, 13009
List the prime factors of 463680.
2, 3, 5, 7, 23
What are the prime factors of 10838818?
2, 53, 102253
What are the prime factors of 244306?
2, 23, 47, 113
List the prime factors of 220978.
2, 313, 353
List the prime factors of 27171642.
2, 3, 4528607
List the prime factors of 17506604.
2, 29, 150919
What are the prime factors of 15848555?
5, 277, 11443
What are the prime factors of 37503218?
2, 83, 157, 1439
List the prime factors of 556499.
383, 1453
List the prime factors of 5031684.
2, 3, 7, 41, 487
List the prime factors of 33341.
7, 11, 433
What are the prime factors of 9414934?
2, 113, 41659
List the prime factors of 164410.
2, 5, 41, 401
List the prime factors of 18660.
2, 3, 5, 311
What are the prime factors of 3247446?
2, 3, 41, 43, 307
List the prime factors of 4041063.
3, 13, 29, 397
List the prime factors of 1334869.
113, 11813
List the prime factors of 6828439.
67, 101917
List the prime factors of 688221.
3, 47, 1627
What are the prime factors of 29859641?
7, 4265663
List the prime factors of 376055.
5, 75211
List the prime factors of 12199974.
2, 3, 1129, 1801
List the prime factors of 10492317.
3, 11, 105983
List the prime factors of 6661996.
2, 11, 23, 29, 227
List the prime factors of 1327822.
2, 179, 3709
What are the prime factors of 21295?
5, 4259
What are the prime factors of 417666?
2, 3, 151, 461
List the prime factors of 1627126.
2, 41, 19843
What are the prime factors of 17422197?
3, 13, 101, 4423
What are the prime factors of 692314?
2, 7, 49451
List the prime factors of 2518982.
2, 19, 151, 439
List the prime factors of 723188.
2, 180797
What are the prime factors of 415317?
3, 7, 19777
What are the prime factors of 951256?
2, 118907
What are the prime factors of 156292?
2, 41, 953
What are the prime factors of 3204197?
881, 3637
List the prime factors of 802405.
5, 160481
List the prime factors of 785349.
3, 17, 29, 59
What are the prime factors of 765180?
2, 3, 5, 13, 109
List the prime factors of 937733.
23, 40771
What are the prime factors of 4819143?
3, 7, 17, 13499
List the prime factors of 7397814.
2, 3, 463, 2663
List the prime factors of 621206.
2, 263, 1181
List the prime factors of 143563.
7, 20509
List the prime factors of 669048.
2, 3, 61, 457
List the prime factors of 10423060.
2, 5, 521153
What are the prime factors of 517188?
2, 3, 7, 47, 131
What are the prime factors of 6519149?
7, 13, 71, 1009
What are the prime factors of 13687272?
2, 3, 63367
What are the prime factors of 954655?
5, 13, 19, 773
List the prime factors of 954081.
3, 227, 467
What are the prime factors of 1150028?
2, 11, 59, 443
List the prime factors of 5962423.
43, 138661
What are the prime factors of 348995?
5, 223, 313
List the prime factors of 1290772.
2, 7, 46099
What are the prime factors of 4220121?
3, 1406707
List the prime factors of 2140576.
2, 151, 443
What are the prime factors of 1427824?
2, 233, 383
What are the prime factors of 194934?
2, 3, 53, 613
What are the prime factors of 18635316?
2, 3, 7, 221849
List the prime factors of 9751101.
3, 241, 13487
What are the prime factors of 412169?
349, 1181
What are the prime factors of 145104?
2, 3, 3023
What are the prime factors of 2090646?
2, 3, 19, 6113
List the prime factors of 5924593.
23, 257591
List the prime factors of 1391044.
2, 61, 5701
List the prime factors of 501529.
7, 71647
List the prime factors of 10528615.
5, 1181, 1783
List the prime factors of 754193.
11, 23, 271
List the prime factors of 995422.
2, 497711
List the prime factors of 591198.
2, 3, 98533
List the prime factors of 4879480.
2, 5, 199, 613
List the prime factors of 22469250.
2, 3, 5, 29959
List the prime factors of 4033048.
2, 311, 1621
What are the prime factors of 4902284?
2, 1225571
List the prime factors of 3490673.
3490673
What are the prime factors of 184624?
2, 11, 1049
List the prime factors of 155126.
2, 77563
List the prime factors of 2320062.
2, 3, 386677
List the prime factors of 30128456.
2, 3766057
What are the prime factors of 317518?
2, 158759
What are the prime factors of 3642517?
1867, 1951
List the prime factors of 1116134.
2, 558067
What are the prime factors of 772259?
17, 45427
What are the prime factors of 368538?
2, 3, 239, 257
List the prime factors of 9879667.
7, 293, 4817
List the prime factors of 54255.
3, 5, 3617
What are the prime factors of 3252404?
2, 569, 1429
What are the prime factors of 9289319?
13, 714563
What are the prime factors of 14668299?
3, 263, 6197
What are the prime factors of 413096?
2, 51637
List the prime factors of 9667951.
17, 61, 9323
What are the prime factors of 2329487?
2329487
What are the prime factors of 4485068?
2, 7, 467
List the prime factors of 1515615.
3, 5, 79, 1279
What are the prime factors of 3844327?
19, 29, 6977
List the prime factors of 1261193.
113, 11161
What are the prime factors of 9890351?
47, 163, 1291
What are the prime factors of 24563?
7, 11, 29
List the prime factors of 12387361.
7, 1769623
List the prime factors of 253302.
2, 3, 7, 37, 163
List the prime factors of 236260.
2, 5, 11813
What are the prime factors of 1374101?
1374101
What are the prime factors of 268317?
3, 7, 4259
What are the prime factors of 164884?
2, 41221
List the prime factors of 1908928.
2, 7, 4261
What are the prime factors of 26956?
2, 23, 293
List the prime factors of 261671.
23, 31, 367
What are the prime factors of 2949894?
2, 3, 163883
What are the prime factors of 1714963?
1714963
What are the prime factors of 482119?
11, 41, 1069
List the prime factors of 60747.
3, 20249
List the prime factors of 19969403.
1877, 10639
What are the prime factors of 170358?
2, 3, 28393
What are the prime factors of 4094085?
3, 5, 191, 1429
What are the prime factors of 14707763?
7, 43, 131, 373
List the prime factors of 8147939.
127, 64157
List the prime factors of 10164021.
3, 7, 69143
